{"id":111,"date":"2015-01-12T20:58:04","date_gmt":"2015-01-12T19:58:04","guid":{"rendered":"http:\/\/paypal.tadic.si\/paypal-trgovine\/?page_id=111"},"modified":"2021-12-17T15:11:06","modified_gmt":"2021-12-17T14:11:06","slug":"vprasanja-in-odgovori","status":"publish","type":"page","link":"https:\/\/paypal.tadic.si\/paypal-trgovine\/vprasanja-in-odgovori\/","title":{"rendered":"Vpra\u0161anja in odgovori"},"content":{"rendered":"<h1>Ali je mogo\u010de eno VISA kartico uporabljati z ve\u010d PayPal ra\u010duni?<\/h1>\n<p>\u017dal to ni mogo\u010de pri PayPal-u.<\/p>\n<h1>Pozabil-a sem geslo za PayPal in nimam dostopa do starega e-mail predala. Kako pridem v svoj PayPal ra\u010dun?<\/h1>\n<p>V tem primeru bi bilo najbolje poklicati na PayPal podporo in razlo\u017eiti situacijo. \u010ce ste pravi lastnik PayPal ra\u010duna, verjetno ne bo te\u017eav pri ponovni reaktivaciji ra\u010duna.<\/p>\n<h1>Kako nalo\u017eim denar na PayPal ra\u010dun brez VISA in MasterCard kartice?<\/h1>\n<p>Dodate lahko va\u0161 TRR v denarnici (<strong>Wallet<\/strong>). Nato:<\/p>\n<ol>\n<li><span id=\"SPAN1923673323\"><span class=\"normal\">Kliknite <a href=\"https:\/\/www.paypal.com\/myaccount\/money\/\" target=\"_blank\" rel=\"noopener noreferrer\">Wallet<\/a>.<\/span><\/span><\/li>\n<li><span class=\"normal\">Kliknite <strong>Transfer Money<\/strong>.<\/span><\/li>\n<li><span class=\"normal\">Kliknite <strong>Add money to your balance<\/strong>.<\/span><\/li>\n<li><span class=\"normal\">Izberite banko in vnesite vrednost, ki jo \u017eelite prenesti.<\/span><\/li>\n<li><span class=\"normal\">Kliknite <strong>Add<\/strong>.<\/span><\/li>\n<\/ol>\n<p>Ime kartice mora biti enako imenu lastnika ra\u010duna. Sredstva bodo na va\u0161em PayPal ra\u010dunu vidna v 3-5 dneh.<\/p>\n<h1>Prodajam nekaj stvari in kupec mi je nakazal sredstva preko PayPal-a, prejel sem e-po\u0161to o uspe\u0161ni transakciji, sredstev pa v mojem ra\u010dunu ni.<\/h1>\n<p>\u010ce po 30 minutah ali eni uri sredstev na va\u0161em PayPal ra\u010dunu ni, gre po vsej verjetnosti za poskus prevare. Izogibajte se kakr\u0161nem koli klikanju na povezave v takih sporo\u010dilih, ker lahko vodijo na la\u017eno spletno stran, ki zgleda enaka kot PayPal-ova vendar ko se poskusite vpisat, dobijo va\u0161e uporabni\u0161ko ime in geslo ter napi\u0161e da so podatki napa\u010dni, da bi od vas dobili \u010dim ve\u010d va\u0161ih razli\u010dnih gesel. Nekateri namre\u010d pomislijo, da so vpisali morda napa\u010dno geslo in posku\u0161ajo vsa svoja gesla.<\/p>\n<h1>Ampak PayPal mi je napisal, da mi bo sredstva sprostil, ko bom poslal potrdilo o poslani po\u0161iljki!<\/h1>\n<p>PayPal nikoli ne deluje kot posrednik pri nakupu. PayPal je samo pla\u010dilni procesor, ki sredstva prenese ali pa jih ne prenese. S po\u0161iljkami in potrdili se ne ukvarja!<\/p>\n<h1>Berem o prevarah preko spleta. Kako varno je sploh spletno pla\u010devanje in PayPal?<\/h1>\n<p>Zadeva je dokaj varna, te\u017eava smo le ljudje, ki naivno klikamo in verjamemo na vse kar se nam zdi znano, pogosto pa klikamo tudi na neznane povezave in potrdimo marsikaj da bi pri\u0161li do cilja ali vsebine, za katero mislimo da je prava.<\/p>\n<h1>Kako prejmem PayPal kartico?<\/h1>\n<p>PayPal ima sedaj tudi svoje debetne kartice. Ve\u010d o tem na spodnjem naslovu<\/p>\n<p><a href=\"https:\/\/www.paypal.com\/us\/digital-wallet\/manage-money\/paypal-debit-card\">https:\/\/www.paypal.com\/us\/digital-wallet\/manage-money\/paypal-debit-card<\/a><\/p>\n<h1>Kako resetiram\/obnovim svoj PayPal ra\u010dun ko ne morem ve\u010d do njega?<\/h1>\n<p>Kontaktirajte PayPal podporo (najbolje kar preko telefona) in razlo\u017eite situacijo. V kolikor ste pravi lastnik ra\u010duna, bodo na\u0161li na\u010din da bi vas prepoznali kot lastnika in vam omogo\u010dili dostop.<\/p>\n<p>Postopek je slede\u010d:<\/p>\n<ol>\n<li>Kliknite na stran za <a href=\"https:\/\/www.paypal.com\/si\/smarthelp\/contact-us\">pomo\u010d uporabnikom<\/a><\/li>\n<li>Kliknite <strong>Password an account access<\/strong><\/li>\n<li>Kliknite <strong>Login problems<\/strong><\/li>\n<li>Spodaj kliknite na ikono <strong>CALL US<\/strong><\/li>\n<\/ol>\n<p>Trenutna \u0161tevilka za uporabnike, ki niso iz ZDA<br \/>\n<strong>1-402-935-2050<\/strong> (if calling from outside the U.S.)<\/p>\n<p>Delovni \u010das klicnega centra<\/p>\n<div class=\"channel-new-call-service-hours-container\">\n<div class=\"channel-new-call-customer-hours\">\n<ul class=\"channel-new-call-customer-hours-body\">\n<li class=\"new-service-hour-item\">6:00 AM PT to 6:00 PM PacificTime Monday through Sunday\n<p>kar pomeni od <strong>15:00 do 03:00<\/strong> po na\u0161em slovenskem \u010dasu<\/li>\n<\/ul>\n<\/div>\n<\/div>\n<div class=\"callus-contact-card\">\n<div><\/div>\n<\/div>\n<div class=\"channel-new-call-special-instruction\">\n<div><\/div>\n<\/div>\n<h1>Prejemam po\u0161to o naro\u010denih storitvah, nisem pa ni\u010d naro\u010dil-a. Kako je s tem? Kdo mi to po\u0161ilja?<\/h1>\n<p>Prevaranti masovno po\u0161iljajo po\u0161to z la\u017eno vsebino. Ker to po\u0161iljajo v velikih koli\u010dinah na vse mo\u017ene e-po\u0161tne naslove, se pogosto zgodi, da po\u0161ta pride v nabiralnik tistih oseb, ki dejansko uporabljajo PayPal (\u010deprav morda ne s tem e-naslovom), ampak v tem trenutku pa\u010d nismo pozorni.<\/p>\n<p>Ponavadi napi\u0161ejo, da se zahvaljujejo za naro\u010dilo oz. da preverite naro\u010dilo in sporo\u010dite v primeru kak\u0161nih nepravilnosti. Do tukaj ni neke nevarnosti za prejemnika. Seveda v tak\u0161nem sporo\u010dilu dodajo tudi povezavo do PayPal-a, ki v ozadju pelje na nek drug naslov, poka\u017ee pa identi\u010dno spletno stran kot je PayPal-ova in vam ponudi obrazec za vpis. Vi na la\u017eno stran vpi\u0161ete svoje upourabni\u0161ko ime in geslo (ali ve\u010d gesel) in tako nepridipravom sporo\u010dite vse kar potrebujejo, da oni preko va\u0161ega ra\u010duna kupijo izdelke zase ali za druge, prenesejo sredstva na svoje ra\u010dune in podobno.<\/p>\n<h1>Prejel-a sem sporo\u010dilo YOUR ACCOUNT HAS BEEN LIMITED!<\/h1>\n<p>Najve\u010dkrat so tak\u0161na sporo\u010dila la\u017ena in zahtevajo takoj\u0161no pozornost uporabnika. V tak\u0161nem sporo\u010dilu ponavadi dodajo tudi na izgled legitimno a v resnici la\u017eno povezavo do PayPal-a, ki v ozadju pelje na nek drug naslov, poka\u017ee pa identi\u010dno spletno stran kot je PayPal-ova in vam ponudi obrazec za vpis. Vi na la\u017eno stran vpi\u0161ete svoje upourabni\u0161ko ime in geslo (ali ve\u010d gesel) in tako nepridipravom sporo\u010dite vse kar potrebujejo, da oni preko va\u0161ega ra\u010duna kupijo izdelke zase ali za druge, prenesejo sredstva na svoje ra\u010dune in podobno.<\/p>\n<h1>Koliko lahko zapravim z novim PayPal ra\u010dunom? Koliko lahko nalo\u017eim na nov PayPal ra\u010dun?<\/h1>\n<p>Sve\u017ei oziroma novi ra\u010duni imajo na za\u010detku omejeno poslovanje. Dokler ne date o sebi nobenih podatkov, za nekatere dr\u017eave omejujejo na 100\u20ac transakcij. Takoj ko o sebi po\u0161ljete ve\u010d podatkov, vam omogo\u010dijo 2500\u20ac transakcij na leto. Omejitev dviga na TRR preko VISA kartice pa vam omejijo na 500\u20ac\/transakcijo\/24ur. Za tiste, ki imajo ve\u010d prometa jih osebno pokli\u010dejo in preverijo resni\u010dnost podatkov ter po potrebi dvignejo omejitve glede na promet. Prav tako lahko tudi dvignejo omejitev prenosa na TRR za vsako transakcijo do 2000\u20ac, s tem da lahko spro\u017eite ve\u010d transakcij kot sicer.<\/p>\n<h1><\/h1>\n<h1>Zakaj imam onemogo\u010deno opcijo za dvig denarja (Withdrawal)?<\/h1>\n<p>\u010ce ste ra\u010dun odprli v dr\u017eavi iz katere ne omogo\u010dajo prenosa sredstev na TRR ali pa \u010de ste navedli svoje podatke v tak\u0161ni dr\u017eavi, potem te opcije \u017eal nimate. PayPal se sklicuje na te\u017eavnost poslovanja v takih dr\u017eavah, saj se od dr\u017eave do dr\u017eave zakoni spreminjajo in ponekod ote\u017eujejo poslovanje.<\/p>\n<h1>Zakaj mi ne dovoli prenesti denarja na VISA kartico?<\/h1>\n<p>\u010ce je va\u0161a VISA kartica potekla je lahko eden od razlogov za tak\u0161no omejitev. Prav tako, \u010de ste PayPal ra\u010dun odprli v dr\u017eavi iz katere ne omogo\u010dajo prenosa sredstev na TRR ali pa ste navedli svoje podatke v tak\u0161ni dr\u017eavi, potem te opcije \u017eal nimate. PayPal se sklicuje na te\u017eavnost poslovanja v takih dr\u017eavah, saj se od dr\u017eave do dr\u017eave zakoni spreminjajo in ponekod ote\u017eujejo poslovanje.<\/p>\n<h1>Kako prekli\u010dem PayPal transakcijo?<\/h1>\n<p>Na PayPal strani si lahko preberete <a href=\"https:\/\/www.paypal.com\/si\/selfhelp\/article\/can-i-cancel-a-payment-that-i've-already-sent-faq637\">Kako prekli\u010dem PayPal transakcijo<\/a> ali pa upo\u0161tevate spodnja navodila.<\/p>\n<ol>\n<li>Vpis v va\u0161 <a href=\"https:\/\/www.paypal.com\">PayPal ra\u010dun<\/a><\/li>\n<li>Kliknite na <strong>My Account<\/strong> (moj ra\u010dun) jezi\u010dek<\/li>\n<li>Kliknite na <strong>History<\/strong> (zgodovina) jezi\u010dek<\/li>\n<li>Kliknite <strong>Cancel<\/strong> (preklic) v Order status\/Actions koloni od \u017eelene transakcije<\/li>\n<li>Kliknite <strong>Cancel Payment<\/strong> (preklic pla\u010dila)<\/li>\n<\/ol>\n<h1>Ali lahko pla\u010dam nekomu iz PayPal na TRR?<\/h1>\n<p>PayPal nima IBAN \u0161tevilke in ni klasi\u010den TRR ra\u010dun. Klasi\u010dno pla\u010dilo zato iz PayPal na TRR ni mogo\u010de.<\/p>\n<h1>\u017delim dodati TRR v svoj uporabni\u0161ki ra\u010dun. Javlja napako da vna\u0161am invalid IBAN?<\/h1>\n<p>Ko vnesete celoten IBAN bo spremenil sporo\u010dilo da ste vnesli pravilen format IBAN.<\/p>\n<h1>\u017delim prenesti sredstva iz PayPal na brezimensko MasterCard kartico. Je to mo\u017eno?<\/h1>\n<p>Ime na kartici se mora ujemati z imenom v va\u0161em uporabni\u0161kem ra\u010dunu. Z brezimensko kartico to \u017eal ni mogo\u010de.<\/p>\n<h1>Vam javlja napako pri kreiranju ra\u010duna glede ZIP code? Kako pri registraciji izberem Slovenijo?<\/h1>\n<p>Pri registraciji naj bi izbrali najprej dr\u017eavo&#8230;\u00a0 je mala zastavica in tam poi\u0161\u010dete slovensko. Nato vpisite ZIP oziroma po\u0161tno \u0161tevilko.<\/p>\n<h1>Kako zaprem\/terminiram PayPal ra\u010dun?<\/h1>\n<ol>\n<li>Najprej se vpi\u0161ite v va\u0161 PayPal ra\u010dun<\/li>\n<li>kliknite na kole\u0161\u010dek v zgornjem desnem kotu (Account settings) tik ob LOG OUT<\/li>\n<li>pojdite ni\u017eje in kliknite na <strong>Close your account<\/strong><\/li>\n<\/ol>\n<h1>Kako prijavim te\u017eavo za transakcijo (Dispute)?<\/h1>\n<ol>\n<li>Najprej se vpi\u0161ite v va\u0161 PayPal ra\u010dun<\/li>\n<li>kliknite na <a href=\"https:\/\/www.paypal.com\/disputes\/\">Resolution center<\/a><\/li>\n<li>kliknete Report a problem<\/li>\n<li>izberete transakcijo<\/li>\n<li>opi\u0161ete problem<\/li>\n<\/ol>\n<p><strong>POZOR! Nikakor ne zapirajte Dispute v kolikor vam obljubi prodajalec da bo poslal izdelke, pocakajte da jih prejmete in potem zaprite. Enkrat ko zaprete, ga ne morete ve\u010d odpret!<\/strong><\/p>\n","protected":false},"excerpt":{"rendered":"Ali je mogo\u010de eno VISA kartico uporabljati z ve\u010d PayPal ra\u010duni? \u017dal to ni mogo\u010de pri PayPal-u. Pozabil-a sem geslo za PayPal in nimam dostopa do starega e-mail predala. Kako pridem v svoj PayPal ra\u010dun? V tem primeru bi bilo najbolje poklicati na PayPal podporo in razlo\u017eiti situacijo. \u010ce ste pravi lastnik PayPal ra\u010duna, verjetno [&hellip;]\n","protected":false},"author":1,"featured_media":0,"parent":0,"menu_order":0,"comment_status":"closed","ping_status":"closed","template":"","meta":[],"_links":{"self":[{"href":"https:\/\/paypal.tadic.si\/paypal-trgovine\/wp-json\/wp\/v2\/pages\/111"}],"collection":[{"href":"https:\/\/paypal.tadic.si\/paypal-trgovine\/wp-json\/wp\/v2\/pages"}],"about":[{"href":"https:\/\/paypal.tadic.si\/paypal-trgovine\/wp-json\/wp\/v2\/types\/page"}],"author":[{"embeddable":true,"href":"https:\/\/paypal.tadic.si\/paypal-trgovine\/wp-json\/wp\/v2\/users\/1"}],"replies":[{"embeddable":true,"href":"https:\/\/paypal.tadic.si\/paypal-trgovine\/wp-json\/wp\/v2\/comments?post=111"}],"version-history":[{"count":14,"href":"https:\/\/paypal.tadic.si\/paypal-trgovine\/wp-json\/wp\/v2\/pages\/111\/revisions"}],"predecessor-version":[{"id":201,"href":"https:\/\/paypal.tadic.si\/paypal-trgovine\/wp-json\/wp\/v2\/pages\/111\/revisions\/201"}],"wp:attachment":[{"href":"https:\/\/paypal.tadic.si\/paypal-trgovine\/wp-json\/wp\/v2\/media?parent=111"}],"curies":[{"name":"wp","href":"https:\/\/api.w.org\/{rel}","templated":true}]}}